 (-81)/(-15) - b/10. Suppose y*j = 4*d - 27, j - 2*j = d. What are the prime factors of d?
3
Suppose -5*t - 152 + 12 = 0. Suppose 4*z + 172 = -0*z. Let u = t - z. List the prime factors of u.
3, 5
Let i = 60 + -18. List the prime factors of i.
2, 3, 7
Let g(i) = -i**3 - 3*i**2 + 2*i - 5. Let o be g(-4). Let j(t) = -t**3 + 6*t**2 - 6*t + 4. Let f be j(5). Let y = f + o. What are the prime factors of y?
2
Let w be ((-10)/7)/(2/(-14)). Let o = w + -2. What are the prime factors of o?
2
Suppose 4*t - 4*m - 16 = 0, -2 = 3*t + 4*m - 7. Suppose -o + t*o - 28 = 0. List the prime factors of o.
2, 7
Let j(w) = 4*w**2 - 2*w + 2. Let l(n) = 11*n**2 - 5*n + 5. Let y(g) = -8*j(g) + 3*l(g). Suppose 5*b = 15, 4*i - b + 7 = -4*b. List the prime factors of y(i).
11
Let b(v) = 2*v - 3. Let c(w) = 4*w - 7. Let m(k) = -7*b(k) + 4*c(k). What are the prime factors of m(5)?
3
Suppose 0 = -2*m + 6*m + 64. What are the prime factors of (-2 + m)*(-15)/10?
3
Let i be (-4)/(-10) - 54/10. Let u = i - -2. Let x = 8 + u. What are the prime factors of x?
5
Let i be ((-7)/(-3) - 3)*-258. What are the prime factors of ((-3)/2)/((-6)/i)?
43
Let n be (-2)/(0 + (-2)/8). Suppose h + 6 = 4*h. Suppose h*y - 34 + n = 0. List the prime factors of y.
13
List the prime factors of -3 - 0 - -2*18.
3, 11
Let t(s) = -9*s - 9 + 2 - 7 + 5*s**2 - 4*s**2. What are the prime factors of t(11)?
2
Let b be ((-2)/(-6))/((-3)/(-36)). Suppose -n = b*x - 47, -x - 10 = -2*x - 2*n. Suppose 6 = 3*p - x. What are the prime factors of p?
2, 3
Let r(m) = -m**3 + 5*m**2 - 3*m - 2. Let q be r(4). Suppose l = 3*j - 2, 0 = 3*l - 2*l + j - q. Suppose -19 = -5*b + l. What are the prime factors of b?
2
Let n(m) = 83*m + 1. Let r be n(1). Let j = r - 59. List the prime factors of j.
5
Let u be (-4)/(-14) + (-133)/(-49). Suppose 15 = r + 3*l, 4*l = u*r + 14 - 7. What are the prime factors of r?
3
Let r = -58 - -85. What are the prime factors of r?
3
Let b(v) = -v**3 - 5*v**2 - 2. Let w be b(-5). Let n = -15 + 25. What are the prime factors of 24/n*(-10)/w?
2, 3
Let b(v) = v**3 + 10*v**2 - 9*v + 5. List the prime factors of b(-8).
5, 41
Let i(z) = z**2 - 7*z + 7. Let f be i(6). What are the prime factors of ((-12)/(-8))/(f/2)?
3
Let q = -18 - -64. Let l = q - 29. List the prime factors of l.
17
Suppose -4*r + 164 = -2*r. List the prime factors of r.
2, 41
Let f be -5 - -8 - 1*-3. Let h = f + -4. List the prime factors of h.
2
Suppose -3*c = x - 130, -5*c - 520 = -4*x - 0*c. What are the prime factors of x?
2, 5, 13
Let j = 0 + 5. Suppose -2*d - 2 = -2*u - 3*d, -j*u - 5*d = 0. List the prime factors of u.
2
Suppose -t + 3*t - 6 = 0. Let s = t - -26. List the prime factors of s.
29
Let b be -1 - (-2 - -1)*1. What are the prime factors of 5 - (b + 0/(-2))?
5
Let q(b) = -5*b**2 - 3*b + 17. Let f(l) = l**2 + l - 4. Let h(x) = -9*f(x) - 2*q(x). List the prime factors of h(4).
2, 3
Let z(v) = -35*v**3 + 4*v**2 - 7*v + 5. Let g(t) = 52*t**3 - 6*t**2 + 11*t - 8. Let j(r) = -5*g(r) - 8*z(r). List the prime factors of j(1).
19
List the prime factors of (-35)/(1*(-3 - -2)).
5, 7
Let n be (-3)/6 + 20/8. Suppose 0 = -n*h - 8, -4*h + 1 = 2*f - 1. What are the prime factors of f?
3
Let q(d) = -d + 7. What are the prime factors of q(3)?
2
Let o be (-1 - -2)/(-2 + 3). Let j be 8/12*(7 - o). Suppose -4*q + 27 - 1 = 2*p, 3*q + j*p - 27 = 0. List the prime factors of q.
5
Let s(x) = -3 + 15 + 0*x + x. Let f be s(-5). Suppose p - 5 = f. List the prime factors of p.
2, 3
Let i be -2 + (1 - 1)/(-2). Suppose -4*g + 13 = -5*w - 44, -4*g + 2*w + 42 = 0. What are the prime factors of 94/8 - i/g?
2, 3
Suppose 4*d = 46 + 30. Suppose u - 5 = -7*b + 2*b, 5*u + 53 = b. Let w = d + u. List the prime factors of w.
3
Let f(v) = v**2 + 6*v + 7. Let r be f(-6). Suppose -4*z - 24 = -r*z. What are the prime factors of z?
2
Suppose -4*j + 5*k + 36 = 0, -3*j + 12 + 15 = -5*k. Suppose -2*d = 3 - j. List the prime factors of d.
3
Let y be (-1 + 3/5)*5. Let q(b) = b + 2. Let f be q(y). Suppose -5*z + 59 = 2*a - 16, f = -3*a + 15. What are the prime factors of z?
13
Suppose 41 = 7*i - 1. Suppose -i*s = -2*s - 108. List the prime factors of s.
3
Let a(y) = 3*y + 12. Let g(v) = -2*v**2 - 8*v. Let u be g(-4). What are the prime factors of a(u)?
2, 3
Let s = 239 + -164. What are the prime factors of s?
3, 5
Suppose 4*y - y - 6 = 0. Suppose -2*a = y*a - 132. What are the prime factors of a?
3, 11
Let k(x) = 12*x + 41. What are the prime factors of k(16)?
233
Let f = -3 + 5. List the prime factors of 192/9 - f/6.
3, 7
Let b be (-3)/(-6) - 30/(-4). Suppose -3*m = -m + b, 50 = 2*a + 5*m. List the prime factors of (-2)/(-7) - (-340)/a.
2, 5
Suppose -16*y + 203 = -213. List the prime factors of y.
2, 13
Let j(v) = -v**3 - 4*v**2 - 4*v - 2. Let b be j(-3). Let q be b + (39/3)/1. What are the prime factors of 4/q - 26/(-7)?
2
Suppose -3 = 3*f, f - 86 = 4*b - f. Let q = b - -46. List the prime factors of q.
2, 3
Suppose 0 = t + i - 38, -i = 2*i + 15. What are the prime factors of t?
43
Let s be 8/12 - 12/(-9). What are the prime factors of s - (-10*1)/2?
7
Let d(v) = v**3 + 19 - 3*v + v**2 + 4*v - 2*v. Let s = 15 - 15. What are the prime factors of d(s)?
19
Let x = -28 + 55. What are the prime factors of x?
3
List the prime factors of 3/(-5) - 3318/(-30).
2, 5, 11
Let n be ((-72)/4)/((-6)/4). Suppose 0*r = r - n. List the prime factors of r.
2, 3
Suppose 5*i + 0*w = 5*w + 355, 0 = -5*w. What are the prime factors of i?
71
Suppose -3*u - 1668 = -7*u. What are the prime factors of u?
3, 139
Suppose 2*g + 12 = -0*n - 2*n, -2*n = 3*g + 17. Let v be (2 - (n - -3))/(-2). Let d(c) = -c**2 + c + 5. List the prime factors of d(v).
5
Let x be (-6 - -6)*(-2)/4. Suppose x = 6*r - 4*r. Suppose -3*c = -d + 20 - 58, 5*d + 10 = r. List the prime factors of c.
2, 3
Let t be (-2)/(5/((-20)/(-8))). What are the prime factors of 1 + t + 16 + -1?
3, 5
Let v be 2*(-1 + 3)/(-2). Let w be (v/3)/(2/(-6)). Suppose w*f - 1 = 17. What are the prime factors of f?
3
Let q(o) = o**3 - 5*o**2 + 3*o + 1. Let t be q(5). Let z = t + -5. List the prime factors of z.
11
Suppose -5*n + 4*w - 2 = -17, 5*w = -3*n + 9. Suppose -g - 3*p = -n*g + 19, 61 = 5*g - 3*p. List the prime factors of g.
2, 7
Let d(s) = 2*s**2 - 4*s - 2. Let a be d(4). Suppose 2*t + t - 4*x + a = 0, -t + 2 = 2*x. What are the prime factors of 108/16 - t/8?
7
Suppose -4*z = -2*z + 5*h + 5, 9 = -3*h. What are the prime factors of 9/1 + (2 - z)?
2, 3
Let n(p) = -p**2 + 24*p - 17. List the prime factors of n(20).
3, 7
Let q be (-8)/(16/4) - -6. Suppose 0 = -6*f + q*f + 64. List the prime factors of f.
2
Let g be ((-4)/10)/((-2)/(-30)). List the prime factors of ((-99)/(-22))/((-1)/g).
3
Let c = 7 + -20. Let q = 8 - c. What are the prime factors of q?
3, 7
Let w = 2 - -3. Suppose 4*y = w*y. Let d(x) = -x**3 + x**2 + 12. What are the prime factors of d(y)?
2, 3
Suppose 2*h = b - 8 - 2, 0 = -4*b - 2*h - 10. Suppose b = 4*t + 4 - 28. What are the prime factors of t?
2, 3
Let u be 20/(-2) - (-3)/(-3). What are the prime factors of 1*-1*u/1?
11
Let l(o) = -50*o + 6. Let t(p) = 17*p - 2. Let r(j) = 6*l(j) + 17*t(j). Let b be r(-2). Suppose b - 4 = 2*x. List the prime factors of x.
2, 5
Let y(p) = 2*p + 1. Let a(n) = -n + 10. Let h be a(6). What are the prime factors of y(h)?
3
Let u = 6 + 4. Suppose 2*i = 2*q, -4*q + u = -i + 2*i. Let x = i + 0. What are the prime factors of x?
2
Let w be ((-2 - -5) + -1)*1. Suppose s - 3*t - w*t - 42 = 0, 60 = 2*s + 2*t. What are the prime factors of s?
2
List the prime factors of (-26)/(-5 + 16/4).
2, 13
What are the prime factors of (1 - -6)*24/14?
2, 3
Suppose 5*o + 2*c = 87, -3*o - 88 = -8*o - 3*c. Let p = -11 + o. List the prime factors of 2/p + 25/15.
2
Suppose 0 = 5*j - 5*b - 5, 5*j - j = -5*b - 23. List the prime factors of (-1 - j)*9 - -3.
2, 3
Suppose -4*q + 167 = 43. List the prime factors of q.
31
Let q(l) = 4*l**2 + 2*l. Let o be q(-2). Let j be (o/(-5))/(6/(-20)). What are the prime factors of (-4)/(-16) - (-38)/j?
5
Suppose -2*o - 1 = 1. Let h = 11 - o. What are the prime factors of h?
2, 3
Suppose 2*k - 3*a = 364, -5*k = 5*a - 673 - 237. What are the prime factors of k?
2, 7, 13
Suppose 0 = -0*o - 3*o + 96. What are the prime factors of o?
2
Let h(b) = 2*b**2 - 2*b + 239. What are the prime factors of